f 4625 and 4033?
37
Calculate the highest common factor of 3 and 49111.
1
Calculate the greatest common divisor of 10 and 9454.
2
Calculate the greatest common factor of 362 and 1231.
1
What is the highest common divisor of 7225 and 100?
25
What is the greatest common factor of 160 and 78070?
10
What is the greatest common factor of 27075 and 9300?
75
What is the greatest common divisor of 24 and 473142?
6
Calculate the greatest common divisor of 1672 and 19784.
8
What is the greatest common divisor of 49794 and 387?
129
Calculate the highest common divisor of 324 and 1476.
36
What is the greatest common divisor of 814320 and 416?
208
What is the highest common divisor of 122829 and 273?
21
Calculate the greatest common divisor of 1041612 and 11.
11
Calculate the highest common factor of 20272 and 2520.
56
What is the highest common divisor of 78 and 658866?
78
Calculate the greatest common factor of 1740 and 1208604.
348
What is the greatest common divisor of 104570 and 10?
10
Calculate the highest common factor of 64874 and 1592.
398
What is the greatest common factor of 51456 and 1206?
402
What is the highest common divisor of 33644 and 1508?
52
What is the greatest common divisor of 571968 and 324?
108
Calculate the highest common factor of 181 and 767.
1
Calculate the highest common divisor of 3525 and 7275.
75
Calculate the highest common divisor of 195 and 50355.
15
What is the greatest common divisor of 1475 and 450?
25
What is the greatest common divisor of 498300 and 4125?
825
What is the highest common factor of 4814 and 14906?
58
Calculate the highest common factor of 81562 and 962.
26
Calculate the greatest common factor of 14 and 348971.
7
Calculate the highest common factor of 1139628 and 12.
12
What is the greatest common factor of 750 and 67250?
250
What is the highest common divisor of 394 and 843751?
197
What is the greatest common factor of 51 and 2499?
51
Calculate the highest common factor of 112 and 13146.
14
Calculate the highest common factor of 142 and 662146.
142
What is the greatest common divisor of 3613530 and 690?
690
What is the greatest common factor of 14 and 615?
1
Calculate the greatest common factor of 77 and 211673.
77
What is the highest common divisor of 92495 and 260?
65
What is the highest common divisor of 6359462 and 68?
34
What is the greatest common factor of 328 and 43091?
41
What is the highest common factor of 17090 and 590?
10
What is the highest common factor of 7426 and 658?
94
What is the highest common divisor of 28543 and 23?
23
What is the highest common divisor of 2208 and 21?
3
Calculate the greatest common divisor of 146505 and 15.
15
Calculate the highest common divisor of 690 and 879750.
690
Calculate the highest common divisor of 338 and 3211.
169
What is the highest common divisor of 65548 and 224?
28
Calculate the highest common factor of 99050 and 18112.
566
What is the greatest common divisor of 9451 and 26?
13
What is the highest common divisor of 9758 and 5950?
238
Calculate the highest common divisor of 36560 and 80.
80
Calculate the highest common divisor of 14256 and 24288.
528
What is the highest common factor of 1700 and 1122?
34
What is the greatest common factor of 512 and 1886464?
256
What is the highest common factor of 1092017 and 46?
23
What is the greatest common divisor of 11 and 38489?
11
Calculate the greatest common factor of 621 and 4899.
69
Calculate the greatest common divisor of 1398 and 108.
6
Calculate the greatest common divisor of 3195 and 7695.
45
Calculate the greatest common divisor of 7271 and 1298.
11
What is the greatest common divisor of 205569 and 1092?
273
Calculate the greatest common factor of 272488 and 16.
8
What is the highest common divisor of 5343 and 195?
39
What is the greatest common factor of 767 and 68971?
59
Calculate the greatest common divisor of 17567 and 528.
11
What is the highest common factor of 10 and 21097?
1
Calculate the highest common divisor of 1273067 and 670.
67
What is the highest common divisor of 39899 and 119?
17
Calculate the greatest common factor of 260237 and 1576.
197
Calculate the greatest common divisor of 9256539 and 87.
87
Calculate the greatest common factor of 45 and 559110.
15
What is the highest common divisor of 2328 and 51313?
97
What is the greatest common factor of 1184 and 9824?
32
Calculate the greatest common factor of 78074 and 1339.
103
What is the highest common factor of 31031 and 429?
143
What is the greatest common factor of 371200 and 600?
200
Calculate the highest common factor of 480 and 5556.
12
What is the highest common divisor of 55 and 82315?
5
Calculate the greatest common factor of 207 and 151386.
69
What is the greatest common divisor of 26450 and 200?
50
Calculate the highest common divisor of 55875 and 1341.
447
Calculate the greatest common factor of 25 and 7245925.
25
What is the greatest common factor of 788 and 108350?
394
What is the highest common divisor of 55 and 328955?
55
What is the greatest common divisor of 312 and 1800?
24
Calculate the greatest common factor of 14352 and 2484.
276
Calculate the greatest common divisor of 10782 and 13446.
18
Calculate the highest common factor of 15402 and 34.
34
What is the greatest common divisor of 10 and 95596?
2
Calculate the greatest common factor of 17549 and 469.
7
What is the greatest common divisor of 462 and 751884?
42
Calculate the greatest common divisor of 25543 and 3731.
287
What is the highest common factor of 2718 and 3006?
18
What is the greatest common divisor of 127264 and 13677?
97
Calculate the greatest common divisor of 338 and 495092.
26
Calculate the greatest common divisor of 62 and 122202.
62
Calculate the greatest common factor of 186 and 1011468.
186
Calculate the greatest common divisor of 332 and 953919.
83
Calculate the greatest common divisor of 4046172 and 1998.
222
What is the highest common divisor of 390842 and 1898?
146
Calculate the highest common divisor of 1958 and 4094.
178
Calculate the highest common divisor of 1125641 and 31.
31
What is the greatest common divisor of 1120 and 1100?
20
What is the greatest common divisor of 637 and 8477?
49
Calculate the greatest common divisor of 294 and 418166.
98
Calculate the highest common divisor of 752 and 27119.
47
Calculate the highest common factor of 276 and 55131.
69
What is the greatest common divisor of 23499 and 168?
21
What is the greatest common factor of 2067802 and 1948?
974
Calculate the highest common divisor of 129270 and 30.
30
What is the greatest common divisor of 3926 and 494?
26
Calculate the highest common divisor of 888 and 341214.
222
What is the greatest common factor of 135400 and 48067?
677
What is the highest common factor of 23794 and 34?
2
Calculate the greatest common factor of 19745 and 33.
11
What is the highest common divisor of 21389 and 11242?
73
What is the greatest common divisor of 656 and 47478?
82
Calculate the highest common divisor of 1737 and 82797.
579
Calculate the greatest common factor of 54 and 65340.
54
Calculate the highest common factor of 65894 and 94.
94
Calculate the highest common factor of 66 and 4054281.
33
What is the greatest common factor of 861 and 34167?
21
What is the highest common factor of 80 and 829936?
16
Calculate the highest common factor of 4203 and 1868.
467
Calculate the greatest common factor of 30176 and 138.
46
Calculate the highest common divisor of 34344 and 2880.
72
Calculate the highest common divisor of 13241 and 9.
1
Calculate the greatest common divisor of 92784 and 12.
12
What is the highest common factor of 36775 and 75?
25
Calculate the greatest common divisor of 9568 and 16.
16
Calculate the greatest common divisor of 126 and 7966.
14
Calculate the highest common factor of 278 and 270.
2
Calculate the highest common factor of 126 and 22498.
14
Calculate the highest common divisor of 117406 and 482114.
2498
Calculate the highest common divisor of 344 and 38700.
172
Calculate the highest common factor of 8744 and 64.
8
What is the highest common factor of 237844 and 776?
388
Calculate the greatest common factor of 24 and 15036.
12
What is the highest common divisor of 20812 and 13717?
473
What is the greatest common divisor of 26 and 109226?
26
Calculate t